{"id":4693,"date":"2016-07-11T14:01:29","date_gmt":"2016-07-11T14:01:29","guid":{"rendered":"http:\/\/www.nstel.fr\/?page_id=4693"},"modified":"2018-01-17T21:58:40","modified_gmt":"2018-01-17T20:58:40","slug":"partenaires","status":"publish","type":"page","link":"https:\/\/www.nstel.fr\/?page_id=4693","title":{"rendered":"Partenaires"},"content":{"rendered":"<div class=\"one_half\">\n<h2 style=\"text-align: left;\">Silver \u00a0Microsoft Partner<\/h2>\n<p style=\"font-weight: 400;\">Partenaire Microsoft de longue date, N.S.TEL est, au cours des derni\u00e8res ann\u00e9es, mont\u00e9 en comp\u00e9tences sur les offres Cloud Microsoft : Azur, Office 365\u2026..<\/p>\n<p><span style=\"font-weight: 400;\">Notre expertise reconnue, nous continuons a d\u00e9velopper notre offre de service autour des technologies Microsoft sur site ou dans le Cloud (public ou priv\u00e9).<\/span><\/div>\n<div class=\"one_half last\"><img loading=\"lazy\" decoding=\"async\" class=\"alignnone wp-image-4802\" src=\"http:\/\/www.nstel.fr\/wp-content\/uploads\/2016\/07\/logo_silver-300x64.jpg\" alt=\"logo_silver\" width=\"211\" height=\"45\" srcset=\"https:\/\/www.nstel.fr\/wp-content\/uploads\/2016\/07\/logo_silver-300x64.jpg 300w, https:\/\/www.nstel.fr\/wp-content\/uploads\/2016\/07\/logo_silver-768x165.jpg 768w, https:\/\/www.nstel.fr\/wp-content\/uploads\/2016\/07\/logo_silver-1024x220.jpg 1024w, https:\/\/www.nstel.fr\/wp-content\/uploads\/2016\/07\/logo_silver-1087x233.jpg 1087w, https:\/\/www.nstel.fr\/wp-content\/uploads\/2016\/07\/logo_silver.jpg 1715w\" sizes=\"auto, (max-width: 211px) 100vw, 211px\" \/><a href=\"http:\/\/www.microsoft.com\" target=\"_blank\"><br \/>\n<\/a><\/p>\n<\/div>\n<div class=\"clear\"><\/div>\n<div class=\"divider\"><\/div>\n<div class=\"one_half\">\n<h2 style=\"text-align: left;\">Cisco Select Certified Partner<\/h2>\n<p style=\"font-weight: 400;\">Notre partenariat actif avec Cisco \u00e0 vu le jour \u00e0 la mise en place d\u2019une d\u00e9partement petites et Moyennes entreprises (SMB). C\u2019est alors naturellement que N.S.TEL a pass\u00e9 les certifications n\u00e9cessaires pour r\u00e9pondre dans les r\u00e8gles de l\u2019art \u00e0 ses clients pour toutes les solutions r\u00e9seaux et t\u00e9l\u00e9phonie IP.<\/p>\n<\/div>\n<div class=\"one_half last\">\n<p><a href=\"http:\/\/www.cisco.com\/\" target=\"_blank\"><img loading=\"lazy\" decoding=\"async\" class=\"alignnone wp-image-4733 size-thumbnail\" src=\"http:\/\/www.nstel.fr\/wp-content\/uploads\/2016\/07\/Channel_Select_360px_225_RGB-150x150.png\" alt=\"Channel_Select_360px_225_RGB\" width=\"150\" height=\"150\" srcset=\"https:\/\/www.nstel.fr\/wp-content\/uploads\/2016\/07\/Channel_Select_360px_225_RGB-150x150.png 150w, https:\/\/www.nstel.fr\/wp-content\/uploads\/2016\/07\/Channel_Select_360px_225_RGB-300x300.png 300w, https:\/\/www.nstel.fr\/wp-content\/uploads\/2016\/07\/Channel_Select_360px_225_RGB-72x72.png 72w, https:\/\/www.nstel.fr\/wp-content\/uploads\/2016\/07\/Channel_Select_360px_225_RGB.png 360w\" sizes=\"auto, (max-width: 150px) 100vw, 150px\" \/><\/a><\/div>\n<div class=\"clear\"><\/div>\n<div class=\"divider\"><\/div>\n<div class=\"one_half\">\n<h2 style=\"text-align: left;\">WatchguardONE Silver Partner<\/h2>\n<p style=\"font-weight: 400;\">Expert dans les solutions unifi\u00e9es de s\u00e9curit\u00e9 pour les PME, N.S.TEL a fait le choix de Watchguard pour l\u2019accompagner dans la s\u00e9curisation des infrastructures clients.<\/p>\n<\/div>\n<div class=\"one_half last\"><a href=\"https:\/\/www.watchguard.com\/fr\" target=\"_blank\"><img loading=\"lazy\" decoding=\"async\" class=\"alignnone wp-image-4685 size-thumbnail\" src=\"http:\/\/www.nstel.fr\/wp-content\/uploads\/2018\/01\/WatchGuardONE-silver-logo-1024x183.jpg\" alt=\"watch\" width=\"600\" height=\"150\" \/><\/a><\/div>\n<div class=\"clear\"><\/div>\n<div class=\"divider\"><\/div>\n<div class=\"one_half\">\n<h2 style=\"text-align: left;\">Acronis<\/h2>\n<p style=\"font-weight: 400;\"><\/div>\n<div class=\"one_half last\"><a href=\"http:\/\/www.acronis.com\/fr-fr\/\" target=\"_blank\"><img loading=\"lazy\" decoding=\"async\" class=\"alignnone wp-image-4814\" src=\"http:\/\/www.nstel.fr\/wp-content\/uploads\/2016\/07\/Acronis.svg-300x113.png\" alt=\"Acronis.svg\" width=\"173\" height=\"65\" srcset=\"https:\/\/www.nstel.fr\/wp-content\/uploads\/2016\/07\/Acronis.svg-300x113.png 300w, https:\/\/www.nstel.fr\/wp-content\/uploads\/2016\/07\/Acronis.svg-768x288.png 768w, https:\/\/www.nstel.fr\/wp-content\/uploads\/2016\/07\/Acronis.svg-1024x384.png 1024w, https:\/\/www.nstel.fr\/wp-content\/uploads\/2016\/07\/Acronis.svg-1087x408.png 1087w, https:\/\/www.nstel.fr\/wp-content\/uploads\/2016\/07\/Acronis.svg.png 2000w\" sizes=\"auto, (max-width: 173px) 100vw, 173px\" \/><\/a><a href=\"http:\/\/www.microsoft.com\" target=\"_blank\"><br \/>\n<\/a><\/p>\n<\/div>\n<div class=\"clear\"><\/div>\n<div class=\"divider\"><\/div>\n<div class=\"one_half\">\n<h2 style=\"text-align: left;\">3cx<\/h2>\n<p style=\"font-weight: 400;\"><\/div>\n<div class=\"one_half last\"><a href=\"https:\/\/www.3cx.fr\/\" target=\"_blank\"><img loading=\"lazy\" decoding=\"async\" class=\"alignnone wp-image-4812 size-thumbnail\" src=\"http:\/\/www.nstel.fr\/wp-content\/uploads\/2016\/07\/3CX-partner-300x251-square-150x150.png\" alt=\"3CX-partner-300x251-square\" width=\"150\" height=\"150\" srcset=\"https:\/\/www.nstel.fr\/wp-content\/uploads\/2016\/07\/3CX-partner-300x251-square-150x150.png 150w, https:\/\/www.nstel.fr\/wp-content\/uploads\/2016\/07\/3CX-partner-300x251-square-300x300.png 300w, https:\/\/www.nstel.fr\/wp-content\/uploads\/2016\/07\/3CX-partner-300x251-square-72x72.png 72w, https:\/\/www.nstel.fr\/wp-content\/uploads\/2016\/07\/3CX-partner-300x251-square.png 350w\" sizes=\"auto, (max-width: 150px) 100vw, 150px\" \/><\/a><a href=\"http:\/\/www.microsoft.com\" target=\"_blank\"><br \/>\n<\/a><\/p>\n<\/div>\n<div class=\"clear\"><\/div>\n<div class=\"divider\"><\/div>\n<div class=\"one_half\">\n<h2 style=\"text-align: left;\">oki<\/h2>\n<p style=\"font-weight: 400;\"><\/div>\n<div class=\"one_half last\"><a href=\"http:\/\/www.oki.com\/fr\/printing\/\" target=\"_blank\"><img loading=\"lazy\" decoding=\"async\" class=\"alignnone wp-image-4806 size-thumbnail\" src=\"http:\/\/www.nstel.fr\/wp-content\/uploads\/2016\/07\/Vertical_Premium_Partner_Badge-150x150.png\" alt=\"Vertical_Premium_Partner_Badge\" width=\"150\" height=\"150\" srcset=\"https:\/\/www.nstel.fr\/wp-content\/uploads\/2016\/07\/Vertical_Premium_Partner_Badge-150x150.png 150w, https:\/\/www.nstel.fr\/wp-content\/uploads\/2016\/07\/Vertical_Premium_Partner_Badge-72x72.png 72w\" sizes=\"auto, (max-width: 150px) 100vw, 150px\" \/><\/a><a href=\"http:\/\/www.microsoft.com\" target=\"_blank\"><br \/>\n<\/a><\/p>\n<\/div>\n<div class=\"clear\"><\/div>\n<div class=\"divider\"><\/div>\n<div class=\"one_half\">\n<h2 style=\"text-align: left;\">Snom<\/h2>\n<p style=\"font-weight: 400;\"><\/div>\n<div class=\"one_half last\"><a href=\"https:\/\/www.snom.com\/\" target=\"_blank\"><img loading=\"lazy\" decoding=\"async\" class=\"alignnone wp-image-4808 \" src=\"http:\/\/www.nstel.fr\/wp-content\/uploads\/2016\/07\/snomlogo-300x111.png\" alt=\"snomlogo\" width=\"176\" height=\"65\" srcset=\"https:\/\/www.nstel.fr\/wp-content\/uploads\/2016\/07\/snomlogo-300x111.png 300w, https:\/\/www.nstel.fr\/wp-content\/uploads\/2016\/07\/snomlogo.png 600w\" sizes=\"auto, (max-width: 176px) 100vw, 176px\" \/><\/a><a href=\"http:\/\/www.microsoft.com\" target=\"_blank\"><br \/>\n<\/a><\/p>\n<\/div>\n<div class=\"clear\"><\/div>\n","protected":false},"excerpt":{"rendered":"Silver \u00a0Microsoft Partner Partenaire Microsoft de longue date, N.S.TEL est, au cours des derni\u00e8res ann\u00e9es, mont\u00e9 en comp\u00e9tences sur les...","protected":false},"author":1,"featured_media":0,"parent":0,"menu_order":0,"comment_status":"closed","ping_status":"closed","template":"","meta":{"footnotes":""},"class_list":["post-4693","page","type-page","status-publish","hentry"],"_links":{"self":[{"href":"https:\/\/www.nstel.fr\/index.php?rest_route=\/wp\/v2\/pages\/4693","targetHints":{"allow":["GET"]}}],"collection":[{"href":"https:\/\/www.nstel.fr\/index.php?rest_route=\/wp\/v2\/pages"}],"about":[{"href":"https:\/\/www.nstel.fr\/index.php?rest_route=\/wp\/v2\/types\/page"}],"author":[{"embeddable":true,"href":"https:\/\/www.nstel.fr\/index.php?rest_route=\/wp\/v2\/users\/1"}],"replies":[{"embeddable":true,"href":"https:\/\/www.nstel.fr\/index.php?rest_route=%2Fwp%2Fv2%2Fcomments&post=4693"}],"version-history":[{"count":30,"href":"https:\/\/www.nstel.fr\/index.php?rest_route=\/wp\/v2\/pages\/4693\/revisions"}],"predecessor-version":[{"id":4865,"href":"https:\/\/www.nstel.fr\/index.php?rest_route=\/wp\/v2\/pages\/4693\/revisions\/4865"}],"wp:attachment":[{"href":"https:\/\/www.nstel.fr\/index.php?rest_route=%2Fwp%2Fv2%2Fmedia&parent=4693"}],"curies":[{"name":"wp","href":"https:\/\/api.w.org\/{rel}","templated":true}]}}